
In base 4, what is 100 + 300333?
301033
In base 6, what is 2444413 - -10?
2444423
In base 16, what is adaf - 1?
adae
In base 9, what is 0 - -1110304?
1110304
In base 11, what is 7529 - -283?
7801
In base 11, what is 26 - 20031?
-20006
In base 14, what is 1 - -130?
131
In base 16, what is -6 + -1aa7d?
-1aa83
In base 16, what is 417 - 3f9?
1e
In base 13, what is 6 + 4711?
4717
In base 2, what is 110100001 - -1110010?
1000010011
In base 5, what is 10 + 100223?
100233
In base 14, what is 9 + 3710?
3719
In base 13, what is 26a046 + 3?
26a049
In base 10, what is -3 + -11769?
-11772
In base 9, what is 0 - 2670025?
-2670025
In base 15, what is -30d + -25?
-333
In base 8, what is 20 + 314272?
314312
In base 8, what is -71 + -10023?
-10114
In base 12, what is -1b903 + 4?
-1b8bb
In base 2, what is -100011011100 - -100?
-100011011000
In base 14, what is -584 + 24?
-560
In base 2, what is -101001011 - 100111110?
-1010001001
In base 16, what is b3 + -3b6?
-303
In base 12, what is -2605b + 0?
-2605b
In base 4, what is 32003 + -2101?
23302
In base 3, what is -11110022211111 + -10?
-11110022211121
In base 7, what is -2640005 - -1?
-2640004
In base 10, what is 97426 + 2?
97428
In base 14, what is -3 + 3b17?
3b14
In base 13, what is 623 - b9?
537
In base 13, what is 277 - 4?
273
In base 2, what is -1000001 + 1011000001101110?
1011000000101101
In base 4, what is 2210300 - 1210?
2203030
In base 6, what is 415343 - 23?
415320
In base 12, what is -1 - 295?
-296
In base 2, what is -110100110111110 - -111?
-110100110110111
In base 14, what is -422 + 99?
-367
In base 4, what is -102 - 103122?
-103230
In base 2, what is 1011000001 + -10001001000?
-110000111
In base 12, what is 3 - 15a88?
-15a85
In base 3, what is 21 + 21220111022?
21220111120
In base 2, what is 1001110010001110 + 10110?
1001110010100100
In base 5, what is 212110021 - -4?
212110030
In base 2, what is -10011 + -101110001001?
-101110011100
In base 10, what is -2 - -518?
516
In base 7, what is -2 - 6256?
-6261
In base 13, what is 8 - -3738?
3743
In base 4, what is -123 + -3103131?
-3103320
In base 7, what is -340131 + 5?
-340123
In base 4, what is 3 + 1302123?
1302132
In base 15, what is 526b5 - 6?
526ae
In base 10, what is 69 + -9946?
-9877
In base 2, what is 10001000 + 11?
10001011
In base 7, what is 26221 + -11?
26210
In base 15, what is b - 33bb?
-33b0
In base 7, what is 3 - 52040?
-52034
In base 4, what is 32 - -12310210?
12310302
In base 7, what is -11333 - 53?
-11416
In base 2, what is 10 + -1001100010111100?
-1001100010111010
In base 14, what is c + -270?
-262
In base 8, what is 416 + 121?
537
In base 14, what is 1dba9 - 1?
1dba8
In base 2, what is 1100101101 + 100101110?
10001011011
In base 11, what is -53952 - -3?
-5394a
In base 15, what is 5 + -c2c42?
-c2c3c
In base 14, what is -1b3 + -9d2?
-ba5
In base 5, what is -10 - -2134030?
2134020
In base 10, what is -1 - 1032973?
-1032974
In base 6, what is 0 + 2400415?
2400415
In base 5, what is 344 + 1010?
1404
In base 13, what is 4 - ca261?
-ca25a
In base 3, what is -10 + 211021100?
211021020
In base 9, what is -181187 - -5?
-181182
In base 2, what is 11110010011 + 110011?
11111000110
In base 10, what is 0 - -2485?
2485
In base 11, what is -10a1 - 93?
-1184
In base 15, what is 34 - -72?
a6
In base 2, what is -1101011100 + 1001?
-1101010011
In base 10, what is -25918 + 6?
-25912
In base 8, what is 27123 + 5?
27130
In base 16, what is 1a + 61?
7b
In base 2, what is 1110000101 + -1001111011?
100001010
In base 2, what is 10 - 11110000?
-11101110
In base 2, what is 111001110001101 - -100?
111001110010001
In base 8, what is 257 - -742?
1221
In base 8, what is -15166 - -4?
-15162
In base 5, what is 1 - 220100?
-220044
In base 14, what is -6bdb + -3?
-6c00
In base 9, what is -21802 + -173?
-22075
In base 7, what is 0 + -13013?
-13013
In base 11, what is 42a26 + -23?
42a03
In base 8, what is -13272 - 14?
-13306
In base 2, what is -1011101 + 1011001101010100?
1011001011110111
In base 6, what is -2441305 + 1?
-2441304
In base 15, what is 23d3 - -a?
23dd
In base 9, what is -2 - 67611?
-67613
In base 5, what is 2321 - -23?
2344
In base 12, what is 669 - -1977?
2424
In base 5, what is -14443 + 14033?
-410
In base 9, what is 73 + -16015?
-15832
In base 7, what is -2625 - 16?
-2644
In base 5, what is 104023 - 1313?
102210
In base 10, what is 1750 + -17?
1733
In base 15, what is 2 - 3beac?
-3beaa
In base 3, what is -211 + 2020122?
2012211
In base 13, what is 2 + 33837?
33839
In base 16, what is 333 + 122?
455
In base 7, what is -426604 + 3?
-426601
In base 14, what is -18cb9 + -4?
-18cbd
In base 3, what is 20 - -1211020?
1211110
In base 15, what is -12 - -470?
45d
In base 4, what is -233210 + 2210?
-231000
In base 11, what is 0 - 1570?
-1570
In base 8, what is -45143 - 4?
-45147
In base 2, what is 101000110 + -11001?
100101101
In base 2, what is 1001101110011010101 + -1?
1001101110011010100
In base 10, what is 11 + 112499?
112510
In base 7, what is -4 + -13462?
-13466
In base 6, what is 534 - 12354?
-11420
In base 5, what is 44243040 + -10?
44243030
In base 3, what is -11 + 210202012200?
210202012112
In base 8, what is -2122210 + 0?
-2122210
In base 7, what is -33 - 40426?
-40462
In base 15, what is 3 - 4eb2?
-4eae
In base 15, what is -bc + -cb?
-198
In base 16, what is 7 + -2274?
-226d
In base 9, what is -3315 + -1600?
-5015
In base 3, what is -1000 - 11211010?
-11212010
In base 9, what is -508520 - 0?
-508520
In base 9, what is 334 + -40?
284
In base 15, what is -5eb4 + -5?
-5eb9
In base 15, what is 3 - c99c?
-c999
In base 16, what is 16e46 + 8?
16e4e
In base 9, what is -318234 + 2?
-318232
In base 5, what is -40 - -2212412?
2212322
In base 6, what is -34335 - -25?
-34310
In base 12, what is -1601 - 9?
-160a
In base 7, what is -312 - 10051?
-10363
In base 2, what is -1001 - -10001110010001100?
10001110010000011
In base 15, what is -5403 - -14b?
-52a7
In base 5, what is -23 + -204143?
-204221
In base 9, what is 1 - 44702?
-44701
In base 6, what is 2445 - -15551?
22440
In base 8, what is -462 + -2105?
-2567
In base 10, what is 0 + 1812?
1812
In base 11, what is 5431 + 15?
5446
In base 8, what is 22526 - -21?
22547
In base 6, what is -221 + 13102?
12441
In base 6, what is 204334 + 5?
204343
In base 7, what is -1256 + 2146?
560
In base 7, what is -31 - 21230?
-21261
In base 16, what is -2 + 1b533?
1b531
In base 11, what is -5 - -383a7?
383a2
In base 8, what is -15767 - -337?
-15430
In base 4, what is 123213302 + -11?
123213231
In base 12, what is 6a - -27690?
2773a
In base 12, what is -4 + 2a931?
2a929
In base 2, what is -101000110110001 - 0?
-101000110110001
In base 12, what is 1604641 + -2?
160463b
In base 5, what is -4 + -3004343?
-3004402
In base 11, what is 6933 + 33?
6966
In base 8, what is 16 - 300754?
-300736
In base 15, what is 8349 - 5?
8344
In base 3, what is -202212202202 - 2?
-202212202211
In base 11, what is -14403 + 6?
-143a8
In base 8, what is -33057 + 6?
-33051
In base 13, what is -97 + 161b3?
16119
In base 14, what is -19 + 7c3c?
7c23
In base 8, what is -157250 - -60?
-157170
In base 2, what is 1 + -10010011100000100?
-10010011100000011
In base 5, what is 234 + 24333?
30122
In base 6, what is 241 + 2121?
2402
In base 9, what is -826 + -132?
-1058
In base 13, what is -1308a1 - 1?
-1308a2
In base 12, what is -23 - 1092a?
-10951
In base 2, what is 1001001010 - 1011010?
111110000
In base 13, what is -202335 + 1?
-202334
In base 3, what is -1012 - -1122?
110
In base 8, what is -47 + -70?
-137
In base 4, what is 2321 + 313311?
322232
In base 14, what is 7 + -1a2d11?
-1a2d08
In base 11, what is 4537 - -476?
4a02
In base 8, what is 0 + 2355540?
2355540
In base 8, what is 231 + -217?
12
In base 4, what is -111 - -1133112?
1133001
In base 6, what is 13 - -2310200?
2310213
In base 7, what is -66 - -4636?
4540
In base 7, what is -140556 + -4?
-140563
In base 5, what is -12 + -412021?
-412033
In base 4, what is -32300111 - -2?
-32300103
In base 16, what is 4 - -43d92?
43d96
In base 16, what is 30e4c - -1?
30e4d
In base 14, what is 4 - -22ab46?
22ab4a
In base 11, what is 122789 + 11?
12279a
In base 14, what is 10a4 + -17?
108b
In base 14, what is -479d4 - -3?
-479d1
In base 12, what is 5 - 5a152?
-5a149
In base 3, what is -1121 + 1022120?
1020222
In base 2, wha